{"id":2457,"date":"2026-03-23T08:32:30","date_gmt":"2026-03-23T07:32:30","guid":{"rendered":"https:\/\/www.sasarmatures.com\/?page_id=2457"},"modified":"2026-03-25T14:30:04","modified_gmt":"2026-03-25T13:30:04","slug":"negoce-et-distribution","status":"publish","type":"page","link":"https:\/\/www.sasarmatures.com\/index.php\/negoce-et-distribution\/","title":{"rendered":"N\u00e9goce et Distribution"},"content":{"rendered":"\t\t<div data-elementor-type=\"wp-page\" data-elementor-id=\"2457\" class=\"elementor elementor-2457\">\n\t\t\t\t<div class=\"elementor-element elementor-element-f24f434 e-flex e-con-boxed e-con e-parent\" data-id=\"f24f434\" data-element_type=\"container\">\n\t\t\t\t\t<div class=\"e-con-inner\">\n\t\t\t\t<div class=\"elementor-element elementor-element-9013e35 elementor-widget elementor-widget-heading\" data-id=\"9013e35\" data-element_type=\"widget\" data-widget_type=\"heading.default\">\n\t\t\t\t\t<h2 class=\"elementor-heading-title elementor-size-default\">LA BONNE SOLUTION, AU BON MOMENT<\/h2>\t\t\t\t<\/div>\n\t\t\t\t<div class=\"elementor-element elementor-element-75a4e0e elementor-widget elementor-widget-text-editor\" data-id=\"75a4e0e\" data-element_type=\"widget\" data-widget_type=\"text-editor.default\">\n\t\t\t\t\t\t\t\t\t<p data-start=\"181\" data-end=\"353\">Chez SAS Armatures, notre service N\u00e9goce est con\u00e7u pour r\u00e9pondre simplement \u00e0 vos besoins :<br data-start=\"272\" data-end=\"275\" \/><strong data-start=\"275\" data-end=\"353\">vous fournir rapidement les bons produits, au bon prix, sans complication.<\/strong><\/p><p data-start=\"355\" data-end=\"495\">Parce qu\u2019un chantier ne peut pas attendre, nous mettons tout en \u0153uvre pour vous garantir :<br \/>\ud83d\udc49 disponibilit\u00e9<br data-start=\"462\" data-end=\"465\" \/>\ud83d\udc49 r\u00e9activit\u00e9<br data-start=\"478\" data-end=\"481\" \/>\ud83d\udc49 fiabilit\u00e9<\/p>\t\t\t\t\t\t\t\t<\/div>\n\t\t<div class=\"elementor-element elementor-element-183254a e-con-full e-flex e-con e-child\" data-id=\"183254a\" data-element_type=\"container\">\n\t\t\t\t<div class=\"elementor-element elementor-element-be66280 elementor-widget elementor-widget-image\" data-id=\"be66280\" data-element_type=\"widget\" data-widget_type=\"image.default\">\n\t\t\t\t\t\t\t\t\t\t\t\t\t\t\t\t<a href=\"https:\/\/www.sasarmatures.com\/wp-content\/uploads\/2026\/03\/parois-moulees-fabrication-usine-sas-armatures-beton-sas-2-avec-texte.jpg\" data-elementor-open-lightbox=\"yes\" data-elementor-lightbox-title=\"Convoi exceptionnel\" data-e-action-hash=\"#elementor-action%3Aaction%3Dlightbox%26settings%3DeyJpZCI6MjQ4NCwidXJsIjoiaHR0cHM6XC9cL3d3dy5zYXNhcm1hdHVyZXMuY29tXC93cC1jb250ZW50XC91cGxvYWRzXC8yMDI2XC8wM1wvcGFyb2lzLW1vdWxlZXMtZmFicmljYXRpb24tdXNpbmUtc2FzLWFybWF0dXJlcy1iZXRvbi1zYXMtMi1hdmVjLXRleHRlLmpwZyJ9\">\n\t\t\t\t\t\t\t<img fetchpriority=\"high\" decoding=\"async\" width=\"1024\" height=\"576\" src=\"https:\/\/www.sasarmatures.com\/wp-content\/uploads\/2026\/03\/parois-moulees-fabrication-usine-sas-armatures-beton-sas-2-avec-texte-1024x576.jpg\" class=\"attachment-large size-large wp-image-2484\" alt=\"Transport convoi parois moul\u00e9es armatures assembl\u00e9es\" srcset=\"https:\/\/www.sasarmatures.com\/wp-content\/uploads\/2026\/03\/parois-moulees-fabrication-usine-sas-armatures-beton-sas-2-avec-texte-1024x576.jpg 1024w, https:\/\/www.sasarmatures.com\/wp-content\/uploads\/2026\/03\/parois-moulees-fabrication-usine-sas-armatures-beton-sas-2-avec-texte-300x169.jpg 300w, https:\/\/www.sasarmatures.com\/wp-content\/uploads\/2026\/03\/parois-moulees-fabrication-usine-sas-armatures-beton-sas-2-avec-texte-768x432.jpg 768w, https:\/\/www.sasarmatures.com\/wp-content\/uploads\/2026\/03\/parois-moulees-fabrication-usine-sas-armatures-beton-sas-2-avec-texte-1536x864.jpg 1536w, https:\/\/www.sasarmatures.com\/wp-content\/uploads\/2026\/03\/parois-moulees-fabrication-usine-sas-armatures-beton-sas-2-avec-texte.jpg 1920w\" sizes=\"(max-width: 1024px) 100vw, 1024px\" \/>\t\t\t\t\t\t\t\t<\/a>\n\t\t\t\t\t\t\t\t\t\t\t\t\t\t\t<\/div>\n\t\t\t\t<div class=\"elementor-element elementor-element-759ea25 elementor-widget elementor-widget-image\" data-id=\"759ea25\" data-element_type=\"widget\" data-widget_type=\"image.default\">\n\t\t\t\t\t\t\t\t\t\t\t\t\t\t\t\t<a href=\"https:\/\/www.sasarmatures.com\/wp-content\/uploads\/2026\/03\/stock-treillis-soude-ferraillage-btp-armatures-ts-avec-texte.jpg\" data-elementor-open-lightbox=\"yes\" data-elementor-lightbox-title=\"N\u00e9goce stock - Treillis Soud\u00e9s\" data-e-action-hash=\"#elementor-action%3Aaction%3Dlightbox%26settings%3DeyJpZCI6MjQ4MCwidXJsIjoiaHR0cHM6XC9cL3d3dy5zYXNhcm1hdHVyZXMuY29tXC93cC1jb250ZW50XC91cGxvYWRzXC8yMDI2XC8wM1wvc3RvY2stdHJlaWxsaXMtc291ZGUtZmVycmFpbGxhZ2UtYnRwLWFybWF0dXJlcy10cy1hdmVjLXRleHRlLmpwZyJ9\">\n\t\t\t\t\t\t\t<img decoding=\"async\" width=\"1024\" height=\"576\" src=\"https:\/\/www.sasarmatures.com\/wp-content\/uploads\/2026\/03\/stock-treillis-soude-ferraillage-btp-armatures-ts-avec-texte-1024x576.jpg\" class=\"attachment-large size-large wp-image-2480\" alt=\"stock-treillis-soude-ferraillage-btp-armatures-ts\" srcset=\"https:\/\/www.sasarmatures.com\/wp-content\/uploads\/2026\/03\/stock-treillis-soude-ferraillage-btp-armatures-ts-avec-texte-1024x576.jpg 1024w, https:\/\/www.sasarmatures.com\/wp-content\/uploads\/2026\/03\/stock-treillis-soude-ferraillage-btp-armatures-ts-avec-texte-300x169.jpg 300w, https:\/\/www.sasarmatures.com\/wp-content\/uploads\/2026\/03\/stock-treillis-soude-ferraillage-btp-armatures-ts-avec-texte-768x432.jpg 768w, https:\/\/www.sasarmatures.com\/wp-content\/uploads\/2026\/03\/stock-treillis-soude-ferraillage-btp-armatures-ts-avec-texte-1536x864.jpg 1536w, https:\/\/www.sasarmatures.com\/wp-content\/uploads\/2026\/03\/stock-treillis-soude-ferraillage-btp-armatures-ts-avec-texte.jpg 1920w\" sizes=\"(max-width: 1024px) 100vw, 1024px\" \/>\t\t\t\t\t\t\t\t<\/a>\n\t\t\t\t\t\t\t\t\t\t\t\t\t\t\t<\/div>\n\t\t\t\t<\/div>\n\t\t\t\t<div class=\"elementor-element elementor-element-031e1ae elementor-widget elementor-widget-heading\" data-id=\"031e1ae\" data-element_type=\"widget\" data-widget_type=\"heading.default\">\n\t\t\t\t\t<h3 class=\"elementor-heading-title elementor-size-default\">Un service pens\u00e9 pour les professionnels<\/h3>\t\t\t\t<\/div>\n\t\t\t\t<div class=\"elementor-element elementor-element-b9abbd9 elementor-widget elementor-widget-text-editor\" data-id=\"b9abbd9\" data-element_type=\"widget\" data-widget_type=\"text-editor.default\">\n\t\t\t\t\t\t\t\t\t<p data-start=\"551\" data-end=\"687\">Vous avez besoin d\u2019aciers, de treillis ou de produits compl\u00e9mentaires ?<br data-start=\"622\" data-end=\"625\" \/>Nous vous apportons une solution adapt\u00e9e, sans perte de temps.<\/p><p data-start=\"689\" data-end=\"782\">Gr\u00e2ce \u00e0 notre r\u00e9seau de partenaires et \u00e0 notre connaissance du terrain, nous vous proposons :<\/p><p>&#8211; Des produits conformes aux normes<br \/>&#8211; Une s\u00e9lection adapt\u00e9e \u00e0 vos contraintes<br \/>&#8211; Une gestion simplifi\u00e9e de vos approvisionnements<\/p><p data-start=\"919\" data-end=\"971\">\ud83d\udc49 <strong data-start=\"922\" data-end=\"971\">Un seul interlocuteur, une solution compl\u00e8te.<\/strong><\/p>\t\t\t\t\t\t\t\t<\/div>\n\t\t<div class=\"elementor-element elementor-element-ef02eac e-con-full e-flex e-con e-child\" data-id=\"ef02eac\" data-element_type=\"container\" data-settings=\"{&quot;background_background&quot;:&quot;classic&quot;}\">\n\t\t<div class=\"elementor-element elementor-element-b39b373 e-con-full e-flex e-con e-child\" data-id=\"b39b373\" data-element_type=\"container\">\n\t\t\t\t<div class=\"elementor-element elementor-element-95e3bb5 elementor-widget elementor-widget-heading\" data-id=\"95e3bb5\" data-element_type=\"widget\" data-widget_type=\"heading.default\">\n\t\t\t\t\t<h3 class=\"elementor-heading-title elementor-size-default\">Nos solutions en n\u00e9goce<\/h3>\t\t\t\t<\/div>\n\t\t\t\t<div class=\"elementor-element elementor-element-c18bedc elementor-widget elementor-widget-text-editor\" data-id=\"c18bedc\" data-element_type=\"widget\" data-widget_type=\"text-editor.default\">\n\t\t\t\t\t\t\t\t\t<p data-start=\"1010\" data-end=\"1072\">Nous mettons \u00e0 votre disposition une large gamme de produits :<\/p><ul data-start=\"1074\" data-end=\"1199\"><li data-section-id=\"y76n86\" data-start=\"1074\" data-end=\"1100\">aciers pour b\u00e9ton arm\u00e9<\/li><li data-section-id=\"1u4dq3z\" data-start=\"1101\" data-end=\"1120\">treillis soud\u00e9s<\/li><li data-section-id=\"1xbqcgx\" data-start=\"1121\" data-end=\"1148\">accessoires de chantier<\/li><li data-section-id=\"1tqvxej\" data-start=\"1149\" data-end=\"1199\">produits compl\u00e9mentaires pour la mise en \u0153uvre<\/li><\/ul><p data-start=\"1201\" data-end=\"1274\">Notre objectif : <strong data-start=\"1218\" data-end=\"1274\">vous \u00e9viter les ruptures et s\u00e9curiser vos chantiers.<\/strong><\/p>\t\t\t\t\t\t\t\t<\/div>\n\t\t\t\t<\/div>\n\t\t<div class=\"elementor-element elementor-element-14a3c7f e-con-full e-flex e-con e-child\" data-id=\"14a3c7f\" data-element_type=\"container\">\n\t\t\t\t<div class=\"elementor-element elementor-element-04b2081 elementor-widget elementor-widget-image\" data-id=\"04b2081\" data-element_type=\"widget\" data-widget_type=\"image.default\">\n\t\t\t\t\t\t\t\t\t\t\t\t\t\t\t\t<a href=\"https:\/\/www.sasarmatures.com\/wp-content\/uploads\/2026\/03\/rond-beton-stock-standard-sas-armatures-avec-texte.jpg\" data-elementor-open-lightbox=\"yes\" data-elementor-lightbox-title=\"N\u00e9goce stock - Ronds \u00e0 b\u00e9ton\" data-e-action-hash=\"#elementor-action%3Aaction%3Dlightbox%26settings%3DeyJpZCI6MjUxMywidXJsIjoiaHR0cHM6XC9cL3d3dy5zYXNhcm1hdHVyZXMuY29tXC93cC1jb250ZW50XC91cGxvYWRzXC8yMDI2XC8wM1wvcm9uZC1iZXRvbi1zdG9jay1zdGFuZGFyZC1zYXMtYXJtYXR1cmVzLWF2ZWMtdGV4dGUuanBnIn0%3D\">\n\t\t\t\t\t\t\t<img decoding=\"async\" width=\"1024\" height=\"576\" src=\"https:\/\/www.sasarmatures.com\/wp-content\/uploads\/2026\/03\/rond-beton-stock-standard-sas-armatures-avec-texte-1024x576.jpg\" class=\"attachment-large size-large wp-image-2513\" alt=\"stock-ronds-beton-sas-armatures-barre-acier\" srcset=\"https:\/\/www.sasarmatures.com\/wp-content\/uploads\/2026\/03\/rond-beton-stock-standard-sas-armatures-avec-texte-1024x576.jpg 1024w, https:\/\/www.sasarmatures.com\/wp-content\/uploads\/2026\/03\/rond-beton-stock-standard-sas-armatures-avec-texte-300x169.jpg 300w, https:\/\/www.sasarmatures.com\/wp-content\/uploads\/2026\/03\/rond-beton-stock-standard-sas-armatures-avec-texte-768x432.jpg 768w, https:\/\/www.sasarmatures.com\/wp-content\/uploads\/2026\/03\/rond-beton-stock-standard-sas-armatures-avec-texte-1536x864.jpg 1536w, https:\/\/www.sasarmatures.com\/wp-content\/uploads\/2026\/03\/rond-beton-stock-standard-sas-armatures-avec-texte.jpg 1920w\" sizes=\"(max-width: 1024px) 100vw, 1024px\" \/>\t\t\t\t\t\t\t\t<\/a>\n\t\t\t\t\t\t\t\t\t\t\t\t\t\t\t<\/div>\n\t\t\t\t<\/div>\n\t\t\t\t<\/div>\n\t\t\t\t<div class=\"elementor-element elementor-element-ad6c97e elementor-widget elementor-widget-heading\" data-id=\"ad6c97e\" data-element_type=\"widget\" data-widget_type=\"heading.default\">\n\t\t\t\t\t<h3 class=\"elementor-heading-title elementor-size-default\">Pourquoi nous faire confiance ?<\/h3>\t\t\t\t<\/div>\n\t\t\t\t<div class=\"elementor-element elementor-element-fe3ff4a elementor-widget elementor-widget-text-editor\" data-id=\"fe3ff4a\" data-element_type=\"widget\" data-widget_type=\"text-editor.default\">\n\t\t\t\t\t\t\t\t\t<p data-start=\"1321\" data-end=\"1545\">\u2714 <strong data-start=\"1323\" data-end=\"1347\">R\u00e9activit\u00e9 imm\u00e9diate<\/strong> pour vos demandes urgentes<br data-start=\"1374\" data-end=\"1377\" \/>\u2714 <strong data-start=\"1379\" data-end=\"1413\">R\u00e9seau de fournisseurs fiables<\/strong><br data-start=\"1413\" data-end=\"1416\" \/>\u2714 <strong data-start=\"1418\" data-end=\"1454\">Produits conformes et de qualit\u00e9<\/strong><br data-start=\"1454\" data-end=\"1457\" \/>\u2714 <strong data-start=\"1459\" data-end=\"1499\">Conseils adapt\u00e9s \u00e0 vos besoins r\u00e9els<\/strong><br data-start=\"1499\" data-end=\"1502\" \/>\u2714 <strong data-start=\"1504\" data-end=\"1545\">Gain de temps dans votre organisation<\/strong><\/p><p data-start=\"1547\" data-end=\"1611\">\ud83d\udc49 Avec SAS Armatures, vous ne cherchez plus : <strong data-start=\"1594\" data-end=\"1611\">vous trouvez.<\/strong><\/p>\t\t\t\t\t\t\t\t<\/div>\n\t\t\t\t\t<\/div>\n\t\t\t\t<\/div>\n\t\t<div class=\"elementor-element elementor-element-bef298f e-flex e-con-boxed e-con e-parent\" data-id=\"bef298f\" data-element_type=\"container\">\n\t\t\t\t\t<div class=\"e-con-inner\">\n\t\t\t\t<div class=\"elementor-element elementor-element-7da5a07 elementor-widget elementor-widget-heading\" data-id=\"7da5a07\" data-element_type=\"widget\" data-widget_type=\"heading.default\">\n\t\t\t\t\t<h3 class=\"elementor-heading-title elementor-size-default\">Besoin d\u2019un produit ou d\u2019une solution rapide ?<\/h3>\t\t\t\t<\/div>\n\t\t\t\t<div class=\"elementor-element elementor-element-2cf951b elementor-widget elementor-widget-text-editor\" data-id=\"2cf951b\" data-element_type=\"widget\" data-widget_type=\"text-editor.default\">\n\t\t\t\t\t\t\t\t\t<p>Contactez-nous, nous vous r\u00e9pondons rapidement avec une solution adapt\u00e9e.<\/p><p>\ud83d\udce7 sascommerce@sasarmatures.com<\/p><p>\ud83d\udc49 <strong data-start=\"2145\" data-end=\"2184\">Demandez votre devis d\u00e8s maintenant<\/strong><\/p>\t\t\t\t\t\t\t\t<\/div>\n\t\t\t\t<div class=\"elementor-element elementor-element-b3d7db9 elementor-align-center elementor-widget elementor-widget-button\" data-id=\"b3d7db9\" data-element_type=\"widget\" data-widget_type=\"button.default\">\n\t\t\t\t\t\t\t\t\t\t<a class=\"elementor-button elementor-button-link elementor-size-sm\" href=\"https:\/\/www.sasarmatures.com\/#devis\">\n\t\t\t\t\t\t<span class=\"elementor-button-content-wrapper\">\n\t\t\t\t\t\t\t\t\t<span class=\"elementor-button-text\">Contactez-nous pour devis personnalis\u00e9<\/span>\n\t\t\t\t\t<\/span>\n\t\t\t\t\t<\/a>\n\t\t\t\t\t\t\t\t<\/div>\n\t\t\t\t\t<\/div>\n\t\t\t\t<\/div>\n\t\t\t\t<\/div>\n\t\t","protected":false},"excerpt":{"rendered":"<p>LA BONNE SOLUTION, AU BON MOMENT Chez SAS Armatures, notre service N\u00e9goce est con\u00e7u pour r\u00e9pondre simplement \u00e0 vos besoins :vous fournir rapidement les bons produits, au bon prix, sans complication. Parce qu\u2019un chantier ne peut pas attendre, nous mettons tout en \u0153uvre pour vous garantir :\ud83d\udc49 disponibilit\u00e9\ud83d\udc49 r\u00e9activit\u00e9\ud83d\udc49 fiabilit\u00e9 Un service pens\u00e9 pour les&hellip; <br \/> <a class=\"button small blue\" href=\"https:\/\/www.sasarmatures.com\/index.php\/negoce-et-distribution\/\">Lire la suite<\/a><\/p>\n","protected":false},"author":1,"featured_media":0,"parent":0,"menu_order":0,"comment_status":"closed","ping_status":"closed","template":"","meta":{"footnotes":""},"class_list":["post-2457","page","type-page","status-publish","hentry"],"_links":{"self":[{"href":"https:\/\/www.sasarmatures.com\/index.php\/wp-json\/wp\/v2\/pages\/2457","targetHints":{"allow":["GET"]}}],"collection":[{"href":"https:\/\/www.sasarmatures.com\/index.php\/wp-json\/wp\/v2\/pages"}],"about":[{"href":"https:\/\/www.sasarmatures.com\/index.php\/wp-json\/wp\/v2\/types\/page"}],"author":[{"embeddable":true,"href":"https:\/\/www.sasarmatures.com\/index.php\/wp-json\/wp\/v2\/users\/1"}],"replies":[{"embeddable":true,"href":"https:\/\/www.sasarmatures.com\/index.php\/wp-json\/wp\/v2\/comments?post=2457"}],"version-history":[{"count":91,"href":"https:\/\/www.sasarmatures.com\/index.php\/wp-json\/wp\/v2\/pages\/2457\/revisions"}],"predecessor-version":[{"id":2674,"href":"https:\/\/www.sasarmatures.com\/index.php\/wp-json\/wp\/v2\/pages\/2457\/revisions\/2674"}],"wp:attachment":[{"href":"https:\/\/www.sasarmatures.com\/index.php\/wp-json\/wp\/v2\/media?parent=2457"}],"curies":[{"name":"wp","href":"https:\/\/api.w.org\/{rel}","templated":true}]}}