{"id":372,"date":"2020-11-18T16:56:18","date_gmt":"2020-11-18T15:56:18","guid":{"rendered":"https:\/\/www.sasarmatures.com\/?page_id=372"},"modified":"2026-03-24T16:42:51","modified_gmt":"2026-03-24T15:42:51","slug":"nos-certifications","status":"publish","type":"page","link":"https:\/\/www.sasarmatures.com\/index.php\/nos-certifications\/","title":{"rendered":"Nos certifications"},"content":{"rendered":"\t\t<div data-elementor-type=\"wp-page\" data-elementor-id=\"372\" class=\"elementor elementor-372\">\n\t\t\t\t<div class=\"elementor-element elementor-element-805aecb e-flex e-con-boxed e-con e-parent\" data-id=\"805aecb\" data-element_type=\"container\">\n\t\t\t\t\t<div class=\"e-con-inner\">\n\t\t\t\t<div class=\"elementor-element elementor-element-a0e34c4 elementor-widget elementor-widget-spacer\" data-id=\"a0e34c4\" data-element_type=\"widget\" data-widget_type=\"spacer.default\">\n\t\t\t\t\t\t\t<div class=\"elementor-spacer\">\n\t\t\t<div class=\"elementor-spacer-inner\"><\/div>\n\t\t<\/div>\n\t\t\t\t\t\t<\/div>\n\t\t\t\t\t<\/div>\n\t\t\t\t<\/div>\n\t\t<div class=\"elementor-element elementor-element-064a2df e-flex e-con-boxed e-con e-parent\" data-id=\"064a2df\" data-element_type=\"container\">\n\t\t\t\t\t<div class=\"e-con-inner\">\n\t\t\t\t<div class=\"elementor-element elementor-element-c43ce54 elementor-widget elementor-widget-heading\" data-id=\"c43ce54\" data-element_type=\"widget\" data-widget_type=\"heading.default\">\n\t\t\t\t\t<h1 class=\"elementor-heading-title elementor-size-default\">CERTIFICATION NF-AFCAB : UNE RECONNAISSANCE DU SAVOIR-FAIRE POUR SAS ARMATURES<\/h1>\t\t\t\t<\/div>\n\t\t\t\t<div class=\"elementor-element elementor-element-b8dad56 elementor-widget elementor-widget-spacer\" data-id=\"b8dad56\" data-element_type=\"widget\" data-widget_type=\"spacer.default\">\n\t\t\t\t\t\t\t<div class=\"elementor-spacer\">\n\t\t\t<div class=\"elementor-spacer-inner\"><\/div>\n\t\t<\/div>\n\t\t\t\t\t\t<\/div>\n\t\t\t\t<div class=\"elementor-element elementor-element-6169226 elementor-widget elementor-widget-heading\" data-id=\"6169226\" data-element_type=\"widget\" data-widget_type=\"heading.default\">\n\t\t\t\t\t<h2 class=\"elementor-heading-title elementor-size-default\">NOS CERTIFICATIONS<\/h2>\t\t\t\t<\/div>\n\t\t\t\t<div class=\"elementor-element elementor-element-f72f3d4 elementor-widget elementor-widget-text-editor\" data-id=\"f72f3d4\" data-element_type=\"widget\" data-widget_type=\"text-editor.default\">\n\t\t\t\t\t\t\t\t\t<p>Chez <strong data-start=\"835\" data-end=\"852\">SAS Armatures<\/strong>, nous pla\u00e7ons la <strong data-start=\"870\" data-end=\"924\">qualit\u00e9, la s\u00e9curit\u00e9 et la conformit\u00e9 des ouvrages<\/strong> au c\u0153ur de notre activit\u00e9. Cela passe par une d\u00e9marche volontaire de certification aupr\u00e8s d\u2019organismes reconnus du secteur du BTP, attestant notre savoir-faire pour la <strong data-start=\"1100\" data-end=\"1115\">fabrication<\/strong> et la <strong data-start=\"1122\" data-end=\"1142\">pose d\u2019armatures<\/strong>.<\/p>\t\t\t\t\t\t\t\t<\/div>\n\t\t\t\t<div class=\"elementor-element elementor-element-38f2c22 elementor-widget elementor-widget-heading\" data-id=\"38f2c22\" data-element_type=\"widget\" data-widget_type=\"heading.default\">\n\t\t\t\t\t<h2 class=\"elementor-heading-title elementor-size-default\">Certification NF-AFCAB : preuve de conformit\u00e9 et de rigueur<\/h2>\t\t\t\t<\/div>\n\t\t\t\t<div class=\"elementor-element elementor-element-a2b7a6d elementor-widget elementor-widget-text-editor\" data-id=\"a2b7a6d\" data-element_type=\"widget\" data-widget_type=\"text-editor.default\">\n\t\t\t\t\t\t\t\t\t<p data-start=\"1260\" data-end=\"1608\">Nous sommes titulaires de la <strong data-start=\"1289\" data-end=\"1315\">certification NF-AFCAB<\/strong> d\u00e9livr\u00e9e par l\u2019<strong data-start=\"1331\" data-end=\"1404\">Association Fran\u00e7aise de Certification des Armatures du B\u00e9ton (<a href=\"https:\/\/www.afcab.com\/\">AFCAB<\/a>)<\/strong>. Cette certification atteste que nos processus et nos produits respectent les <strong data-start=\"1485\" data-end=\"1540\">exigences techniques, dimensionnelles et normatives<\/strong> les plus strictes du secteur.<\/p><p data-start=\"1610\" data-end=\"1645\">\u27a1\ufe0f Ce que cela signifie pour vous :<\/p><ul data-start=\"1646\" data-end=\"2152\"><li data-start=\"1646\" data-end=\"1824\"><p data-start=\"1648\" data-end=\"1824\"><strong data-start=\"1648\" data-end=\"1670\">Fiabilit\u00e9 garantie<\/strong> : nos armatures sont conformes aux normes <strong data-start=\"1713\" data-end=\"1728\">NF A 35-027.<\/strong><\/p><\/li><li data-start=\"1825\" data-end=\"1968\"><p data-start=\"1827\" data-end=\"1968\"><strong data-start=\"1827\" data-end=\"1848\">Qualit\u00e9 ma\u00eetris\u00e9e<\/strong> : conformit\u00e9 aux plans, aux longueurs, aux diam\u00e8tres et aux tol\u00e9rances exig\u00e9es.<\/p><\/li><li data-start=\"1969\" data-end=\"2152\"><p data-start=\"1971\" data-end=\"2152\"><strong data-start=\"1971\" data-end=\"1993\">Processus certifi\u00e9<\/strong> : la fabrication comme la <strong data-start=\"2020\" data-end=\"2041\">pose sur chantier<\/strong> sont audit\u00e9es p\u00e9riodiquement pour assurer un niveau de qualit\u00e9 constant.<\/p><\/li><\/ul>\t\t\t\t\t\t\t\t<\/div>\n\t\t\t\t<div class=\"elementor-element elementor-element-8028d2a elementor-widget elementor-widget-heading\" data-id=\"8028d2a\" data-element_type=\"widget\" data-widget_type=\"heading.default\">\n\t\t\t\t\t<h2 class=\"elementor-heading-title elementor-size-default\">D\u00e9tails des certifications couvertes<\/h2>\t\t\t\t<\/div>\n\t\t\t\t<div class=\"elementor-element elementor-element-75fc840 elementor-widget__width-inherit elementor-widget elementor-widget-text-editor\" data-id=\"75fc840\" data-element_type=\"widget\" data-widget_type=\"text-editor.default\">\n\t\t\t\t\t\t\t\t\t<p data-start=\"2207\" data-end=\"2258\">Nos qualifications couvrent les domaines suivants :<\/p><p data-start=\"2260\" data-end=\"2401\">\ud83d\udd39 <strong data-start=\"2263\" data-end=\"2296\">Fabrication d\u2019Armatures B\u00e9ton<\/strong><br data-start=\"2296\" data-end=\"2299\" \/>\ud83d\udd39 <strong data-start=\"2302\" data-end=\"2328\">Pose d\u2019Armatures B\u00e9ton<\/strong><br data-start=\"2328\" data-end=\"2331\" \/>\ud83d\udd39 <strong data-start=\"2334\" data-end=\"2372\">Utilisation de coupleurs certifi\u00e9s<\/strong> &#8211; BARTEC, GRIPTEC<\/p><p data-start=\"2403\" data-end=\"2557\">Ces certifications prouvent notre ma\u00eetrise compl\u00e8te de la cha\u00eene de valeur, de l\u2019atelier \u00e0 la mise en \u0153uvre terrain.<\/p>\t\t\t\t\t\t\t\t<\/div>\n\t\t\t\t<div class=\"elementor-element elementor-element-3b83d6a elementor-widget elementor-widget-heading\" data-id=\"3b83d6a\" data-element_type=\"widget\" data-widget_type=\"heading.default\">\n\t\t\t\t\t<h2 class=\"elementor-heading-title elementor-size-default\">Pourquoi ces certifications sont importantes pour vous ?<\/h2>\t\t\t\t<\/div>\n\t\t\t\t<div class=\"elementor-element elementor-element-d017606 elementor-widget__width-inherit elementor-widget elementor-widget-text-editor\" data-id=\"d017606\" data-element_type=\"widget\" data-widget_type=\"text-editor.default\">\n\t\t\t\t\t\t\t\t\t<p data-start=\"2631\" data-end=\"2716\">Les certifications ne sont pas seulement des logos sur notre site, elles repr\u00e9sentent :<\/p><p data-start=\"2718\" data-end=\"2979\">\u2714\ufe0f <strong data-start=\"2721\" data-end=\"2760\">Une qualit\u00e9 mesurable et v\u00e9rifiable<\/strong><br data-start=\"2760\" data-end=\"2763\" \/>\u2714\ufe0f <strong data-start=\"2766\" data-end=\"2817\">Un gain de confiance pour vos ma\u00eetres d\u2019ouvrage<\/strong><br data-start=\"2817\" data-end=\"2820\" \/>\u2714\ufe0f <strong data-start=\"2823\" data-end=\"2877\">Un avantage concurrentiel dans les appels d\u2019offres<\/strong><br data-start=\"2877\" data-end=\"2880\" \/>\u2714\ufe0f <strong data-start=\"2883\" data-end=\"2941\">Une r\u00e9duction des risques d\u2019anomalies sur vos ouvrages<\/strong><\/p><p data-start=\"2981\" data-end=\"3160\">Elles d\u00e9montrent que notre entreprise respecte des <strong data-start=\"3032\" data-end=\"3064\">normes reconnues et audit\u00e9es<\/strong>, ce qui vous assure de travailler avec un partenaire fiable.<\/p>\t\t\t\t\t\t\t\t<\/div>\n\t\t\t\t<div class=\"elementor-element elementor-element-5fcaf2f elementor-widget elementor-widget-heading\" data-id=\"5fcaf2f\" data-element_type=\"widget\" data-widget_type=\"heading.default\">\n\t\t\t\t\t<h2 class=\"elementor-heading-title elementor-size-default\">T\u00e9l\u00e9chargement de nos certificats<\/h2>\t\t\t\t<\/div>\n\t\t\t\t\t<\/div>\n\t\t\t\t<\/div>\n\t\t<div class=\"elementor-element elementor-element-874558a e-flex e-con-boxed e-con e-parent\" data-id=\"874558a\" data-element_type=\"container\">\n\t\t\t\t\t<div class=\"e-con-inner\">\n\t\t<div class=\"elementor-element elementor-element-e3b8fff e-con-full e-flex e-con e-child\" data-id=\"e3b8fff\" data-element_type=\"container\" data-settings=\"{&quot;background_background&quot;:&quot;classic&quot;}\">\n\t\t\t\t<div class=\"elementor-element elementor-element-0d182e4 elementor-widget elementor-widget-heading\" data-id=\"0d182e4\" data-element_type=\"widget\" data-widget_type=\"heading.default\">\n\t\t\t\t\t<h3 class=\"elementor-heading-title elementor-size-default\">Fabrication d\u2019Armatures B\u00e9ton<\/h3>\t\t\t\t<\/div>\n\t\t\t\t<div class=\"elementor-element elementor-element-29d0e2f elementor-widget elementor-widget-image\" data-id=\"29d0e2f\" data-element_type=\"widget\" data-widget_type=\"image.default\">\n\t\t\t\t\t\t\t\t\t\t\t\t\t\t\t\t<a href=\"https:\/\/www.sasarmatures.com\/wp-content\/uploads\/2025\/10\/a00017.pdf\" target=\"_blank\">\n\t\t\t\t\t\t\t<img fetchpriority=\"high\" decoding=\"async\" width=\"724\" height=\"1024\" src=\"https:\/\/www.sasarmatures.com\/wp-content\/uploads\/2025\/10\/A00017-image-724x1024.jpg\" class=\"elementor-animation-grow attachment-large size-large wp-image-811\" alt=\"A00017-certificat-afcab-fabrication-sas-armatures\" srcset=\"https:\/\/www.sasarmatures.com\/wp-content\/uploads\/2025\/10\/A00017-image-724x1024.jpg 724w, https:\/\/www.sasarmatures.com\/wp-content\/uploads\/2025\/10\/A00017-image-212x300.jpg 212w, https:\/\/www.sasarmatures.com\/wp-content\/uploads\/2025\/10\/A00017-image-768x1086.jpg 768w, https:\/\/www.sasarmatures.com\/wp-content\/uploads\/2025\/10\/A00017-image-1086x1536.jpg 1086w, https:\/\/www.sasarmatures.com\/wp-content\/uploads\/2025\/10\/A00017-image-1024x1448.jpg 1024w, https:\/\/www.sasarmatures.com\/wp-content\/uploads\/2025\/10\/A00017-image-764x1080.jpg 764w, https:\/\/www.sasarmatures.com\/wp-content\/uploads\/2025\/10\/A00017-image.jpg 1241w\" sizes=\"(max-width: 724px) 100vw, 724px\" \/>\t\t\t\t\t\t\t\t<\/a>\n\t\t\t\t\t\t\t\t\t\t\t\t\t\t\t<\/div>\n\t\t\t\t<\/div>\n\t\t<div class=\"elementor-element elementor-element-febc81e e-con-full e-flex e-con e-child\" data-id=\"febc81e\" data-element_type=\"container\" data-settings=\"{&quot;background_background&quot;:&quot;classic&quot;}\">\n\t\t\t\t<div class=\"elementor-element elementor-element-4f13e64 elementor-widget elementor-widget-heading\" data-id=\"4f13e64\" data-element_type=\"widget\" data-widget_type=\"heading.default\">\n\t\t\t\t\t<h3 class=\"elementor-heading-title elementor-size-default\">Pose d\u2019Armatures B\u00e9ton<\/h3>\t\t\t\t<\/div>\n\t\t\t\t<div class=\"elementor-element elementor-element-3e432e0 elementor-widget elementor-widget-image\" data-id=\"3e432e0\" data-element_type=\"widget\" data-widget_type=\"image.default\">\n\t\t\t\t\t\t\t\t\t\t\t\t\t\t\t\t<a href=\"https:\/\/www.sasarmatures.com\/wp-content\/uploads\/2025\/10\/p04010.pdf\" target=\"_blank\">\n\t\t\t\t\t\t\t<img decoding=\"async\" width=\"725\" height=\"1024\" src=\"https:\/\/www.sasarmatures.com\/wp-content\/uploads\/2025\/10\/P04010-image-725x1024.jpg\" class=\"elementor-animation-grow attachment-large size-large wp-image-813\" alt=\"P04010-certificat-afcab-fabrication-pose-sas-armatures\" srcset=\"https:\/\/www.sasarmatures.com\/wp-content\/uploads\/2025\/10\/P04010-image-725x1024.jpg 725w, https:\/\/www.sasarmatures.com\/wp-content\/uploads\/2025\/10\/P04010-image-212x300.jpg 212w, https:\/\/www.sasarmatures.com\/wp-content\/uploads\/2025\/10\/P04010-image-768x1085.jpg 768w, https:\/\/www.sasarmatures.com\/wp-content\/uploads\/2025\/10\/P04010-image-1087x1536.jpg 1087w, https:\/\/www.sasarmatures.com\/wp-content\/uploads\/2025\/10\/P04010-image-1024x1447.jpg 1024w, https:\/\/www.sasarmatures.com\/wp-content\/uploads\/2025\/10\/P04010-image-764x1080.jpg 764w, https:\/\/www.sasarmatures.com\/wp-content\/uploads\/2025\/10\/P04010-image.jpg 1241w\" sizes=\"(max-width: 725px) 100vw, 725px\" \/>\t\t\t\t\t\t\t\t<\/a>\n\t\t\t\t\t\t\t\t\t\t\t\t\t\t\t<\/div>\n\t\t\t\t<\/div>\n\t\t<div class=\"elementor-element elementor-element-ca19227 e-con-full e-flex e-con e-child\" data-id=\"ca19227\" data-element_type=\"container\" data-settings=\"{&quot;background_background&quot;:&quot;classic&quot;}\">\n\t\t\t\t<div class=\"elementor-element elementor-element-891e74b elementor-widget elementor-widget-heading\" data-id=\"891e74b\" data-element_type=\"widget\" data-widget_type=\"heading.default\">\n\t\t\t\t\t<h3 class=\"elementor-heading-title elementor-size-default\">Coupleurs\nBARTEC - LINXION<\/h3>\t\t\t\t<\/div>\n\t\t\t\t<div class=\"elementor-element elementor-element-fa59353 elementor-widget elementor-widget-image\" data-id=\"fa59353\" data-element_type=\"widget\" data-widget_type=\"image.default\">\n\t\t\t\t\t\t\t\t\t\t\t\t\t\t\t\t<a href=\"https:\/\/www.sasarmatures.com\/wp-content\/uploads\/2025\/10\/m99002.pdf\" target=\"_blank\">\n\t\t\t\t\t\t\t<img decoding=\"async\" width=\"724\" height=\"1024\" src=\"https:\/\/www.sasarmatures.com\/wp-content\/uploads\/2025\/10\/M99002-image-724x1024.jpg\" class=\"elementor-animation-grow attachment-large size-large wp-image-810\" alt=\"coupleur-bartec-sas-armature-pour-beton\" srcset=\"https:\/\/www.sasarmatures.com\/wp-content\/uploads\/2025\/10\/M99002-image-724x1024.jpg 724w, https:\/\/www.sasarmatures.com\/wp-content\/uploads\/2025\/10\/M99002-image-212x300.jpg 212w, https:\/\/www.sasarmatures.com\/wp-content\/uploads\/2025\/10\/M99002-image-768x1086.jpg 768w, https:\/\/www.sasarmatures.com\/wp-content\/uploads\/2025\/10\/M99002-image-1086x1536.jpg 1086w, https:\/\/www.sasarmatures.com\/wp-content\/uploads\/2025\/10\/M99002-image-1024x1448.jpg 1024w, https:\/\/www.sasarmatures.com\/wp-content\/uploads\/2025\/10\/M99002-image-764x1080.jpg 764w, https:\/\/www.sasarmatures.com\/wp-content\/uploads\/2025\/10\/M99002-image.jpg 1241w\" sizes=\"(max-width: 724px) 100vw, 724px\" \/>\t\t\t\t\t\t\t\t<\/a>\n\t\t\t\t\t\t\t\t\t\t\t\t\t\t\t<\/div>\n\t\t\t\t<\/div>\n\t\t<div class=\"elementor-element elementor-element-0b7f7d2 e-con-full e-flex e-con e-child\" data-id=\"0b7f7d2\" data-element_type=\"container\" data-settings=\"{&quot;background_background&quot;:&quot;classic&quot;}\">\n\t\t\t\t<div class=\"elementor-element elementor-element-6e542f5 elementor-widget elementor-widget-heading\" data-id=\"6e542f5\" data-element_type=\"widget\" data-widget_type=\"heading.default\">\n\t\t\t\t\t<h3 class=\"elementor-heading-title elementor-size-default\">Coupleurs GRIPTEC<\/h3>\t\t\t\t<\/div>\n\t\t\t\t<div class=\"elementor-element elementor-element-e8e287f elementor-widget elementor-widget-image\" data-id=\"e8e287f\" data-element_type=\"widget\" data-widget_type=\"image.default\">\n\t\t\t\t\t\t\t\t\t\t\t\t\t\t\t\t<a href=\"https:\/\/www.sasarmatures.com\/wp-content\/uploads\/2025\/10\/m02004.pdf\" target=\"_blank\">\n\t\t\t\t\t\t\t<img loading=\"lazy\" decoding=\"async\" width=\"725\" height=\"1024\" src=\"https:\/\/www.sasarmatures.com\/wp-content\/uploads\/2025\/10\/M02004-image-725x1024.jpg\" class=\"elementor-animation-grow attachment-large size-large wp-image-812\" alt=\"coupleur-griptec-sas-armature-pour-beton\" srcset=\"https:\/\/www.sasarmatures.com\/wp-content\/uploads\/2025\/10\/M02004-image-725x1024.jpg 725w, https:\/\/www.sasarmatures.com\/wp-content\/uploads\/2025\/10\/M02004-image-212x300.jpg 212w, https:\/\/www.sasarmatures.com\/wp-content\/uploads\/2025\/10\/M02004-image-768x1085.jpg 768w, https:\/\/www.sasarmatures.com\/wp-content\/uploads\/2025\/10\/M02004-image-1087x1536.jpg 1087w, https:\/\/www.sasarmatures.com\/wp-content\/uploads\/2025\/10\/M02004-image-1024x1447.jpg 1024w, https:\/\/www.sasarmatures.com\/wp-content\/uploads\/2025\/10\/M02004-image-764x1080.jpg 764w, https:\/\/www.sasarmatures.com\/wp-content\/uploads\/2025\/10\/M02004-image.jpg 1241w\" sizes=\"(max-width: 725px) 100vw, 725px\" \/>\t\t\t\t\t\t\t\t<\/a>\n\t\t\t\t\t\t\t\t\t\t\t\t\t\t\t<\/div>\n\t\t\t\t<\/div>\n\t\t\t\t\t<\/div>\n\t\t\t\t<\/div>\n\t\t<div class=\"elementor-element elementor-element-4b4696a e-flex e-con-boxed e-con e-parent\" data-id=\"4b4696a\" data-element_type=\"container\">\n\t\t\t\t\t<div class=\"e-con-inner\">\n\t\t\t\t<div class=\"elementor-element elementor-element-36956de elementor-widget elementor-widget-spacer\" data-id=\"36956de\" data-element_type=\"widget\" data-widget_type=\"spacer.default\">\n\t\t\t\t\t\t\t<div class=\"elementor-spacer\">\n\t\t\t<div class=\"elementor-spacer-inner\"><\/div>\n\t\t<\/div>\n\t\t\t\t\t\t<\/div>\n\t\t\t\t\t<\/div>\n\t\t\t\t<\/div>\n\t\t\t\t<\/div>\n\t\t","protected":false},"excerpt":{"rendered":"<p>CERTIFICATION NF-AFCAB : UNE RECONNAISSANCE DU SAVOIR-FAIRE POUR SAS ARMATURES NOS CERTIFICATIONS Chez SAS Armatures, nous pla\u00e7ons la qualit\u00e9, la s\u00e9curit\u00e9 et la conformit\u00e9 des ouvrages au c\u0153ur de notre activit\u00e9. Cela passe par une d\u00e9marche volontaire de certification aupr\u00e8s d\u2019organismes reconnus du secteur du BTP, attestant notre savoir-faire pour la fabrication et la pose&hellip; <br \/> <a class=\"button small blue\" href=\"https:\/\/www.sasarmatures.com\/index.php\/nos-certifications\/\">Lire la suite<\/a><\/p>\n","protected":false},"author":1,"featured_media":0,"parent":0,"menu_order":0,"comment_status":"closed","ping_status":"closed","template":"full-width-page.php","meta":{"footnotes":""},"class_list":["post-372","page","type-page","status-publish","hentry"],"_links":{"self":[{"href":"https:\/\/www.sasarmatures.com\/index.php\/wp-json\/wp\/v2\/pages\/372","targetHints":{"allow":["GET"]}}],"collection":[{"href":"https:\/\/www.sasarmatures.com\/index.php\/wp-json\/wp\/v2\/pages"}],"about":[{"href":"https:\/\/www.sasarmatures.com\/index.php\/wp-json\/wp\/v2\/types\/page"}],"author":[{"embeddable":true,"href":"https:\/\/www.sasarmatures.com\/index.php\/wp-json\/wp\/v2\/users\/1"}],"replies":[{"embeddable":true,"href":"https:\/\/www.sasarmatures.com\/index.php\/wp-json\/wp\/v2\/comments?post=372"}],"version-history":[{"count":73,"href":"https:\/\/www.sasarmatures.com\/index.php\/wp-json\/wp\/v2\/pages\/372\/revisions"}],"predecessor-version":[{"id":2627,"href":"https:\/\/www.sasarmatures.com\/index.php\/wp-json\/wp\/v2\/pages\/372\/revisions\/2627"}],"wp:attachment":[{"href":"https:\/\/www.sasarmatures.com\/index.php\/wp-json\/wp\/v2\/media?parent=372"}],"curies":[{"name":"wp","href":"https:\/\/api.w.org\/{rel}","templated":true}]}}